{"id":372,"date":"2025-07-16T19:30:43","date_gmt":"2025-07-16T19:30:43","guid":{"rendered":"https:\/\/eazi-architektur.com\/projekte\/"},"modified":"2025-10-14T20:50:17","modified_gmt":"2025-10-14T20:50:17","slug":"architektur-projekte-deutschland-spanien-eazi-architektur","status":"publish","type":"page","link":"https:\/\/eazi-architektur.com\/","title":{"rendered":"Home"},"content":{"rendered":"","protected":false},"excerpt":{"rendered":"","protected":false},"author":1,"featured_media":265,"parent":0,"menu_order":0,"comment_status":"closed","ping_status":"closed","template":"","meta":{"footnotes":""},"class_list":["post-372","page","type-page","status-publish","has-post-thumbnail","hentry"],"yoast_head":"<!-- This site is optimized with the Yoast SEO plugin v27.4 - https:\/\/yoast.com\/product\/yoast-seo-wordpress\/ -->\n<title>Home - EAZI Architektur<\/title>\n<meta name=\"description\" content=\"Entdecken Sie ausgew\u00e4hlte Projekte von EAZI Architektur in Deutschland und Spanien. Pr\u00e4zise Planung und verl\u00e4ssliche Umsetzung f\u00fcr Architekturb\u00fcros und Bauherren.\" \/>\n<meta name=\"robots\" content=\"index, follow, max-snippet:-1, max-image-preview:large, max-video-preview:-1\" \/>\n<link rel=\"canonical\" href=\"https:\/\/eazi-architektur.com\/\" \/>\n<meta property=\"og:locale\" content=\"de_DE\" \/>\n<meta property=\"og:type\" content=\"article\" \/>\n<meta property=\"og:title\" content=\"Home - EAZI Architektur\" \/>\n<meta property=\"og:description\" content=\"Entdecken Sie ausgew\u00e4hlte Projekte von EAZI Architektur in Deutschland und Spanien. Pr\u00e4zise Planung und verl\u00e4ssliche Umsetzung f\u00fcr Architekturb\u00fcros und Bauherren.\" \/>\n<meta property=\"og:url\" content=\"https:\/\/eazi-architektur.com\/\" \/>\n<meta property=\"og:site_name\" content=\"EAZI Architektur\" \/>\n<meta property=\"article:modified_time\" content=\"2025-10-14T20:50:17+00:00\" \/>\n<meta property=\"og:image\" content=\"https:\/\/eazi-architektur.com\/wp-content\/uploads\/2025\/07\/724c9132-b17b-48ed-bf82-12288c128e8f.webp\" \/>\n\t<meta property=\"og:image:width\" content=\"1152\" \/>\n\t<meta property=\"og:image:height\" content=\"866\" \/>\n\t<meta property=\"og:image:type\" content=\"image\/webp\" \/>\n<meta name=\"twitter:card\" content=\"summary_large_image\" \/>\n<meta name=\"twitter:label1\" content=\"Gesch\u00e4tzte Lesezeit\" \/>\n\t<meta name=\"twitter:data1\" content=\"1\u00a0Minute\" \/>\n<script type=\"application\/ld+json\" class=\"yoast-schema-graph\">{\"@context\":\"https:\\\/\\\/schema.org\",\"@graph\":[{\"@type\":\"WebPage\",\"@id\":\"https:\\\/\\\/eazi-architektur.com\\\/\",\"url\":\"https:\\\/\\\/eazi-architektur.com\\\/\",\"name\":\"Home - EAZI Architektur\",\"isPartOf\":{\"@id\":\"https:\\\/\\\/eazi-architektur.com\\\/#website\"},\"primaryImageOfPage\":{\"@id\":\"https:\\\/\\\/eazi-architektur.com\\\/#primaryimage\"},\"image\":{\"@id\":\"https:\\\/\\\/eazi-architektur.com\\\/#primaryimage\"},\"thumbnailUrl\":\"https:\\\/\\\/eazi-architektur.com\\\/wp-content\\\/uploads\\\/2025\\\/07\\\/724c9132-b17b-48ed-bf82-12288c128e8f.webp\",\"datePublished\":\"2025-07-16T19:30:43+00:00\",\"dateModified\":\"2025-10-14T20:50:17+00:00\",\"description\":\"Entdecken Sie ausgew\u00e4hlte Projekte von EAZI Architektur in Deutschland und Spanien. Pr\u00e4zise Planung und verl\u00e4ssliche Umsetzung f\u00fcr Architekturb\u00fcros und Bauherren.\",\"breadcrumb\":{\"@id\":\"https:\\\/\\\/eazi-architektur.com\\\/#breadcrumb\"},\"inLanguage\":\"de\",\"potentialAction\":[{\"@type\":\"ReadAction\",\"target\":[\"https:\\\/\\\/eazi-architektur.com\\\/\"]}]},{\"@type\":\"ImageObject\",\"inLanguage\":\"de\",\"@id\":\"https:\\\/\\\/eazi-architektur.com\\\/#primaryimage\",\"url\":\"https:\\\/\\\/eazi-architektur.com\\\/wp-content\\\/uploads\\\/2025\\\/07\\\/724c9132-b17b-48ed-bf82-12288c128e8f.webp\",\"contentUrl\":\"https:\\\/\\\/eazi-architektur.com\\\/wp-content\\\/uploads\\\/2025\\\/07\\\/724c9132-b17b-48ed-bf82-12288c128e8f.webp\",\"width\":1152,\"height\":866},{\"@type\":\"BreadcrumbList\",\"@id\":\"https:\\\/\\\/eazi-architektur.com\\\/#breadcrumb\",\"itemListElement\":[{\"@type\":\"ListItem\",\"position\":1,\"name\":\"Startseite\",\"item\":\"https:\\\/\\\/eazi-architektur.com\\\/\"},{\"@type\":\"ListItem\",\"position\":2,\"name\":\"Home\"}]},{\"@type\":\"WebSite\",\"@id\":\"https:\\\/\\\/eazi-architektur.com\\\/#website\",\"url\":\"https:\\\/\\\/eazi-architektur.com\\\/\",\"name\":\"EAZI Architektur\",\"description\":\"Architekturleistungen &amp; Bauzeichnung\",\"publisher\":{\"@id\":\"https:\\\/\\\/eazi-architektur.com\\\/#organization\"},\"potentialAction\":[{\"@type\":\"SearchAction\",\"target\":{\"@type\":\"EntryPoint\",\"urlTemplate\":\"https:\\\/\\\/eazi-architektur.com\\\/?s={search_term_string}\"},\"query-input\":{\"@type\":\"PropertyValueSpecification\",\"valueRequired\":true,\"valueName\":\"search_term_string\"}}],\"inLanguage\":\"de\"},{\"@type\":\"Organization\",\"@id\":\"https:\\\/\\\/eazi-architektur.com\\\/#organization\",\"name\":\"EAZI Architektur\",\"url\":\"https:\\\/\\\/eazi-architektur.com\\\/\",\"logo\":{\"@type\":\"ImageObject\",\"inLanguage\":\"de\",\"@id\":\"https:\\\/\\\/eazi-architektur.com\\\/#\\\/schema\\\/logo\\\/image\\\/\",\"url\":\"https:\\\/\\\/eazi-architektur.com\\\/wp-content\\\/uploads\\\/2025\\\/07\\\/12.png\",\"contentUrl\":\"https:\\\/\\\/eazi-architektur.com\\\/wp-content\\\/uploads\\\/2025\\\/07\\\/12.png\",\"width\":427,\"height\":426,\"caption\":\"EAZI Architektur\"},\"image\":{\"@id\":\"https:\\\/\\\/eazi-architektur.com\\\/#\\\/schema\\\/logo\\\/image\\\/\"}}]}<\/script>\n<!-- \/ Yoast SEO plugin. -->","yoast_head_json":{"title":"Home - EAZI Architektur","description":"Entdecken Sie ausgew\u00e4hlte Projekte von EAZI Architektur in Deutschland und Spanien. Pr\u00e4zise Planung und verl\u00e4ssliche Umsetzung f\u00fcr Architekturb\u00fcros und Bauherren.","robots":{"index":"index","follow":"follow","max-snippet":"max-snippet:-1","max-image-preview":"max-image-preview:large","max-video-preview":"max-video-preview:-1"},"canonical":"https:\/\/eazi-architektur.com\/","og_locale":"de_DE","og_type":"article","og_title":"Home - EAZI Architektur","og_description":"Entdecken Sie ausgew\u00e4hlte Projekte von EAZI Architektur in Deutschland und Spanien. Pr\u00e4zise Planung und verl\u00e4ssliche Umsetzung f\u00fcr Architekturb\u00fcros und Bauherren.","og_url":"https:\/\/eazi-architektur.com\/","og_site_name":"EAZI Architektur","article_modified_time":"2025-10-14T20:50:17+00:00","og_image":[{"width":1152,"height":866,"url":"https:\/\/eazi-architektur.com\/wp-content\/uploads\/2025\/07\/724c9132-b17b-48ed-bf82-12288c128e8f.webp","type":"image\/webp"}],"twitter_card":"summary_large_image","twitter_misc":{"Gesch\u00e4tzte Lesezeit":"1\u00a0Minute"},"schema":{"@context":"https:\/\/schema.org","@graph":[{"@type":"WebPage","@id":"https:\/\/eazi-architektur.com\/","url":"https:\/\/eazi-architektur.com\/","name":"Home - EAZI Architektur","isPartOf":{"@id":"https:\/\/eazi-architektur.com\/#website"},"primaryImageOfPage":{"@id":"https:\/\/eazi-architektur.com\/#primaryimage"},"image":{"@id":"https:\/\/eazi-architektur.com\/#primaryimage"},"thumbnailUrl":"https:\/\/eazi-architektur.com\/wp-content\/uploads\/2025\/07\/724c9132-b17b-48ed-bf82-12288c128e8f.webp","datePublished":"2025-07-16T19:30:43+00:00","dateModified":"2025-10-14T20:50:17+00:00","description":"Entdecken Sie ausgew\u00e4hlte Projekte von EAZI Architektur in Deutschland und Spanien. Pr\u00e4zise Planung und verl\u00e4ssliche Umsetzung f\u00fcr Architekturb\u00fcros und Bauherren.","breadcrumb":{"@id":"https:\/\/eazi-architektur.com\/#breadcrumb"},"inLanguage":"de","potentialAction":[{"@type":"ReadAction","target":["https:\/\/eazi-architektur.com\/"]}]},{"@type":"ImageObject","inLanguage":"de","@id":"https:\/\/eazi-architektur.com\/#primaryimage","url":"https:\/\/eazi-architektur.com\/wp-content\/uploads\/2025\/07\/724c9132-b17b-48ed-bf82-12288c128e8f.webp","contentUrl":"https:\/\/eazi-architektur.com\/wp-content\/uploads\/2025\/07\/724c9132-b17b-48ed-bf82-12288c128e8f.webp","width":1152,"height":866},{"@type":"BreadcrumbList","@id":"https:\/\/eazi-architektur.com\/#breadcrumb","itemListElement":[{"@type":"ListItem","position":1,"name":"Startseite","item":"https:\/\/eazi-architektur.com\/"},{"@type":"ListItem","position":2,"name":"Home"}]},{"@type":"WebSite","@id":"https:\/\/eazi-architektur.com\/#website","url":"https:\/\/eazi-architektur.com\/","name":"EAZI Architektur","description":"Architekturleistungen &amp; Bauzeichnung","publisher":{"@id":"https:\/\/eazi-architektur.com\/#organization"},"potentialAction":[{"@type":"SearchAction","target":{"@type":"EntryPoint","urlTemplate":"https:\/\/eazi-architektur.com\/?s={search_term_string}"},"query-input":{"@type":"PropertyValueSpecification","valueRequired":true,"valueName":"search_term_string"}}],"inLanguage":"de"},{"@type":"Organization","@id":"https:\/\/eazi-architektur.com\/#organization","name":"EAZI Architektur","url":"https:\/\/eazi-architektur.com\/","logo":{"@type":"ImageObject","inLanguage":"de","@id":"https:\/\/eazi-architektur.com\/#\/schema\/logo\/image\/","url":"https:\/\/eazi-architektur.com\/wp-content\/uploads\/2025\/07\/12.png","contentUrl":"https:\/\/eazi-architektur.com\/wp-content\/uploads\/2025\/07\/12.png","width":427,"height":426,"caption":"EAZI Architektur"},"image":{"@id":"https:\/\/eazi-architektur.com\/#\/schema\/logo\/image\/"}}]}},"_links":{"self":[{"href":"https:\/\/eazi-architektur.com\/index.php?rest_route=\/wp\/v2\/pages\/372","targetHints":{"allow":["GET"]}}],"collection":[{"href":"https:\/\/eazi-architektur.com\/index.php?rest_route=\/wp\/v2\/pages"}],"about":[{"href":"https:\/\/eazi-architektur.com\/index.php?rest_route=\/wp\/v2\/types\/page"}],"author":[{"embeddable":true,"href":"https:\/\/eazi-architektur.com\/index.php?rest_route=\/wp\/v2\/users\/1"}],"replies":[{"embeddable":true,"href":"https:\/\/eazi-architektur.com\/index.php?rest_route=%2Fwp%2Fv2%2Fcomments&post=372"}],"version-history":[{"count":2,"href":"https:\/\/eazi-architektur.com\/index.php?rest_route=\/wp\/v2\/pages\/372\/revisions"}],"predecessor-version":[{"id":431,"href":"https:\/\/eazi-architektur.com\/index.php?rest_route=\/wp\/v2\/pages\/372\/revisions\/431"}],"wp:featuredmedia":[{"embeddable":true,"href":"https:\/\/eazi-architektur.com\/index.php?rest_route=\/wp\/v2\/media\/265"}],"wp:attachment":[{"href":"https:\/\/eazi-architektur.com\/index.php?rest_route=%2Fwp%2Fv2%2Fmedia&parent=372"}],"curies":[{"name":"wp","href":"https:\/\/api.w.org\/{rel}","templated":true}]}}